tors of j?
2, 3, 7
Suppose -5*r = -5 - 0. Suppose r = -3*z + 7. Suppose -z*k = k - 144. What are the prime factors of k?
2, 3
Let b be 0 + 1 + 180 + (-36)/(-6). Let l = b - 51. What are the prime factors of l?
2, 17
Suppose -i - i + 3*t = -134, 5*i + 2*t = 316. Suppose 0 = 2*z - i - 34. List the prime factors of z.
7
Let l = 6 + -3. Suppose -x = -2*o - 75, 4*x - l*o = -8*o + 235. Suppose -4*q - 1 = -x. List the prime factors of q.
2
Let r = 77 - 42. Let m = r - 8. Suppose m = 2*l - 61. List the prime factors of l.
2, 11
What are the prime factors of (-14)/4*(6 - 18804/42)?
2, 773
Suppose 2*l - 9 = -t, 2*t - 4*t = 5*l - 20. Suppose 0 = -3*y + 5*k + 476, 0 = 3*y + l*k - k - 470. What are the prime factors of y?
157
Suppose 0 = -4*u + 4*x + 2120, -4*x + 545 = -2*u + 3*u. List the prime factors of u.
13, 41
Let q be ((-42)/(-4))/((-2)/(-4)). Suppose -a + 48 = i, -4*a - q = -2*i + 81. List the prime factors of i.
7
Let p = 36 - 28. Let w = p + -16. Let z(l) = l**2 + 6*l + 13. List the prime factors of z(w).
29
Suppose 101 = 5*r - 299. Suppose -8*z + r = -3*z. Suppose -1 = c, -3*f + 3 = 5*c - z. What are the prime factors of f?
2
Let v(y) = -1004*y + 94. List the prime factors of v(-2).
2, 1051
Let z(j) = -j**2 - 5*j + 10*j + 2*j**2 - 4 - 2. Let c be z(-6). Suppose -k = -c*k - 13. List the prime factors of k.
13
Let d(k) = 18*k - 8. Let i(p) = -p + 11. Let o be i(5). What are the prime factors of d(o)?
2, 5
Let v be (4/(-20))/((-2)/50). Suppose 0 = -v*k - 4*p - 46, -3*k - 34 = -3*p - p. Let z = 31 + k. What are the prime factors of z?
3, 7
Suppose -5*x + 10*a + 3976 = 12*a, 4*x - 3164 = 4*a. What are the prime factors of x?
2, 397
Let o = 130 + -92. Let l = o - 74. List the prime factors of -6 - -5 - (2 + l).
3, 11
Suppose -l = -2*x + 191, 4*x - x - 284 = 4*l. Let i be x/18 - 2/(-3). Suppose -v + 31 = -5*j, -v + i*v = -2*j + 47. List the prime factors of v.
11
Let o be (-3)/(-1 + -3 - -3). Suppose 9 = 3*q - o. Suppose -131 = -q*w + 41. What are the prime factors of w?
43
Let c(k) = -5*k**2 + 9*k + 2. Let b(h) = h**2 + h + 1. Let q(s) = 4*b(s) + c(s). List the prime factors of q(11).
2, 7
Let t(i) = -i**3 - 9*i**2 - 10*i - 13. Let h be t(-8). Suppose 0 = h*f - 4*m - 335, -5*m + 189 = 4*f - 237. List the prime factors of f.
109
Let w(c) be the third derivative of 5*c**2 - 1/6*c**4 - 4/3*c**3 + 0*c + 0 + 1/30*c**5. List the prime factors of w(4).
2
Suppose -5*p + 10 = -35. Let n = 9 - p. Suppose -3*y + 20 = 2*l - 7*l, n = -y - 4*l + 18. What are the prime factors of y?
2, 5
Suppose 0 = -4*j + 4*m + 24, m - 4 = -2*j - 2*j. Suppose 26 = f + 4*v, v - j*v = 3*f - 23. Suppose -64 = -5*r + f. What are the prime factors of r?
2, 7
Let f = -179 - -218. List the prime factors of f.
3, 13
Let w be ((-18)/(-15))/(6/15). Suppose -w*r = -2*c + 5*c - 3, 2*r = 3*c - 28. Let z = -1 + c. What are the prime factors of z?
5
List the prime factors of 1508/26*1/1.
2, 29
Let g(d) = 3*d**2 - d - 2. Let r be g(3). Suppose -3*m - 61 = -5*x, -3*m + r - 63 = -x. What are the prime factors of 2/(-2) - (m + 0)?
11
Let f(p) = p**2 - p + 9. Let d be f(5). Suppose 2*j - d - 97 = 0. List the prime factors of (j/(-6))/((-15)/20).
2, 7
Suppose 5*a + 4 = 7*a. Suppose -148 = -a*n - 0*n. What are the prime factors of n?
2, 37
Suppose -3*y + 24 = -0*y. Let f(q) = -10*q + 7. Let o(s) = -19*s + 18. Let d(w) = 5*f(w) - 3*o(w). What are the prime factors of d(y)?
37
Let i(l) = l**2 + 9*l - 22. Let s be i(-11). Suppose 4*p - 7 = -3*w - 3, 2*w = s. Suppose -z = 5*t + 6, 3*z - 3*t = 35 + p. List the prime factors of z.
3
List the prime factors of 12246/30 - 6/30.
2, 3, 17
Suppose -14*a = 20*a - 7752. What are the prime factors of a?
2, 3, 19
Suppose 570*f = 574*f - 4616. What are the prime factors of f?
2, 577
Let x = 381 + -324. List the prime factors of x.
3, 19
Let f = -21 + 21. Suppose f*y - 3*y = -99. Let g = y - 8. List the prime factors of g.
5
Let k = -44 - -25. Let i = k + 16. List the prime factors of 52/(5 + i) + -3.
23
Suppose -3*g + 4 = 10. Let b be 3 - (-9 - 0/g). Suppose -b = -11*a + 9*a. List the prime factors of a.
2, 3
Let n(t) = 2*t**2 - 1. Let j be n(0). Let f(s) = 32*s**2 - 1. What are the prime factors of f(j)?
31
Let p(r) = -6*r + 5. Let u be p(6). Let c = -13 - u. Let b = -12 + c. What are the prime factors of b?
2, 3
Suppose -3*u - 2*z = -166, 2*u + 0*u - 118 = -5*z. Suppose a = 4*a + u. List the prime factors of 1612/36 + (-4)/a.
3, 5
Let n be -8 - -11 - 3*1. Suppose 138*c - 140*c + 304 = n. What are the prime factors of c?
2, 19
Suppose -2*w - 13 = -5. Let i(j) = -j**3 - 3*j**2 + 4*j - 5. Let s be i(w). List the prime factors of s + 25 - (5 + -2).
17
Suppose -2*p = v - 18, 0 = 5*p - 0*v - 5*v - 45. What are the prime factors of 314/4 + p/6?
2, 5
Let m(u) = 3*u**2 + 2*u. Let q(x) = -2*x**2 - x. Let c(d) = 3*m(d) + 5*q(d). Let n be c(0). Suppose n = j - 3 - 26. What are the prime factors of j?
29
Suppose -4*s + 3*v + 0 = 9, -15 = 5*s - 5*v. Suppose s = -11*m + 10*m + 42. List the prime factors of m.
2, 3, 7
Suppose -2*k = 23 - 29. Suppose 0 = 6*s + k*s - 585. What are the prime factors of s?
5, 13
Suppose 0 = -5*b + 2408 + 1272. List the prime factors of b.
2, 23
Suppose -4*b = 3*c + 3, c + 9 = 3*c - b. Suppose t = 9 - 18. List the prime factors of c/t - (-129)/9.
2, 7
Let u(k) = 6*k**2 - 8*k + 9. Let h(x) = 3*x**2 - 4*x + 4. Let b(y) = -5*h(y) + 2*u(y). Let r be b(2). Let s = r - -33. What are the prime factors of s?
3
Let p be (68/(-102))/(6/81). Let k be ((-46)/(-6))/((-1)/(-3)). Let m = k + p. What are the prime factors of m?
2, 7
Suppose 4*b - 32 - 392 = 0. Suppose -4*p = -b - 46. List the prime factors of p.
2, 19
Let y(b) = 60*b**3 - 2*b - 11. Suppose -4*n - n = 40. Let k(q) = -40*q**3 + q + 7. Let j(p) = n*k(p) - 5*y(p). What are the prime factors of j(1)?
3, 7
Suppose 24 = 3*p - 3. Let c(q) = -q**3 + 10*q**2 + 3*q - 12. Let x be c(p). Suppose x - 15 = 3*l. What are the prime factors of l?
3
Suppose 11*w - 1170 = 9*w. Suppose 16*d + w = 21*d. What are the prime factors of d?
3, 13
List the prime factors of 16/12 - (-798)/9.
2, 3, 5
Let n(z) = -5*z + 6. Let a(p) = -2*p + 1. Let c(b) = -3*a(b) + n(b). List the prime factors of c(8).
11
Suppose 7515 = 39*d - 39987. List the prime factors of d.
2, 3, 7, 29
Let p = -866 - -1400. What are the prime factors of p?
2, 3, 89
Suppose 104520 = 17*t + 61*t. List the prime factors of t.
2, 5, 67
Let o(x) = 0 + 1 - 2*x + 2*x**2 + 4*x**3 - 3*x**3. Let a be o(2). Suppose a*p = 12*p + 21. What are the prime factors of p?
3, 7
Suppose 0 = 5*v + 3*v. Suppose -2*d = -4*z + 504, 4*z = -v*d - 2*d + 496. What are the prime factors of z?
5
Let n be ((-14)/3)/(2/(-3)). Suppose 0 = n*d + 15 - 120. Suppose -y = -d - 17. What are the prime factors of y?
2
Let r(z) = -4*z - 20. Let d be r(-5). Suppose 4*w = -5*a + 473, 0 = 2*w - a - d*a - 219. List the prime factors of w.
2, 7
Suppose 3*t + 22 = -32. Let g be ((-32)/(-6))/((-6)/t). Suppose 5*p - g = 2*o + 4, -p = 4*o + 18. List the prime factors of p.
2
Let i be (-21)/14 + 1/(-2). Let x be (-4 - -1) + (5 - i). Suppose 3*n + 3*v - v - 32 = 0, v - x = 0. What are the prime factors of n?
2
Suppose 27*c - 28*c + 362 = 0. List the prime factors of c.
2, 181
Suppose -4*l + 3*a + 2 = -1, -l + 5*a - 12 = 0. Suppose 3*d + 2*s = 205, 0*d - l*s + 59 = d. What are the prime factors of d?
71
Suppose 4110*t - 4105*t - 50 = 0. List the prime factors of t.
2, 5
Suppose 17*y = 67*y - 288550. What are the prime factors of y?
29, 199
Let k(d) = d - 4. Let l be k(6). Let s be (l + 1 - 25)*1. Let c = s - -25. What are the prime factors of c?
3
Suppose 0 = 34*y - 17178 + 4088. What are the prime factors of y?
5, 7, 11
Let b(f) = 18*f**2 + 1. Suppose 3*h - 2*p = 11, h - 11 = 2*h + 3*p. Let m be (-1)/(1*(2 - h)). List the prime factors of b(m).
19
Let o(g) = 15*g**3 - g**2 + 18*g - 62. What are the prime factors of o(4)?
2, 3, 53
Let d(h) = 2*h**3 - 3*h**2 + 10*h + 4. Let s be d(-8). Let o be s/(-52) - (-4)/26. Let l = o + -14. What are the prime factors of l?
11
Let k(i) = -i**3 + 17*i**2 + 8*i - 19. What are the prime factors of k(17)?
3, 13
Suppose 2*y + n - 3994 = -610, 4*y - 4*n = 6780. What are the prime factors of y?
1693
Suppose 3*d - 27 = 480. Suppose -d = 7*j + 146. What are the prime factors of ((-20)/